culate the greatest common factor of 1421987 and 7217.
7
Calculate the highest common factor of 579040 and 47.
47
Calculate the highest common divisor of 1701 and 35903007.
1701
Calculate the greatest common divisor of 72 and 868446.
18
Calculate the highest common factor of 27 and 11666943.
27
What is the greatest common divisor of 195 and 1279629?
39
What is the highest common factor of 116766 and 180?
18
What is the highest common divisor of 672 and 493356?
12
What is the greatest common divisor of 18897200 and 800?
400
Calculate the greatest common factor of 12463602 and 2358.
786
What is the greatest common factor of 1236 and 63344382?
618
What is the greatest common divisor of 16166 and 846660?
274
What is the greatest common divisor of 2731356 and 11628?
612
What is the greatest common factor of 7225 and 73797?
17
What is the highest common divisor of 59523374 and 218?
218
What is the greatest common factor of 566436 and 6942?
78
What is the greatest common factor of 251692 and 3649?
89
What is the greatest common factor of 649264 and 333608?
1496
What is the highest common factor of 1372620 and 660?
60
What is the greatest common divisor of 459 and 1797699?
51
What is the highest common factor of 453085374 and 63?
21
What is the highest common divisor of 1700 and 1339906?
34
What is the greatest common factor of 28 and 34723227?
7
Calculate the highest common divisor of 11 and 156014496.
11
What is the highest common divisor of 792 and 5010192?
792
What is the highest common factor of 138379298 and 12822?
4274
Calculate the greatest common factor of 2975 and 5629494325.
2975
Calculate the highest common factor of 6 and 79265442.
6
What is the highest common divisor of 64256146 and 32566?
1714
Calculate the greatest common divisor of 3047456 and 38.
2
What is the highest common divisor of 6035 and 520501?
71
Calculate the highest common factor of 37791 and 17891939.
4199
What is the greatest common divisor of 1676 and 1199290292?
1676
Calculate the greatest common factor of 52260 and 176480.
20
What is the highest common factor of 940 and 5709490?
10
Calculate the greatest common divisor of 346170708 and 4428.
1476
Calculate the highest common divisor of 136974845 and 5.
5
What is the highest common divisor of 4260 and 258414?
6
Calculate the greatest common divisor of 161986 and 3582.
398
What is the highest common divisor of 354 and 13098816?
6
Calculate the highest common divisor of 18178004 and 41860.
1196
What is the greatest common factor of 138303 and 1118403?
1089
Calculate the greatest common factor of 33903 and 9297.
9
Calculate the greatest common divisor of 9572332 and 3388.
308
What is the highest common divisor of 33785203 and 135488?
2117
Calculate the greatest common factor of 158406 and 415344.
102
Calculate the highest common divisor of 330610 and 71498.
14
Calculate the greatest common divisor of 2760 and 178365.
345
Calculate the greatest common factor of 124108 and 15462238.
2698
Calculate the highest common factor of 5772840 and 54312.
1752
What is the greatest common divisor of 1553039 and 17876?
41
What is the highest common factor of 63960 and 167700?
780
What is the highest common divisor of 8513 and 560827927?
8513
What is the greatest common divisor of 88 and 13032811?
11
What is the greatest common divisor of 17575 and 2396675?
925
Calculate the greatest common divisor of 1900156 and 78864.
212
What is the highest common divisor of 1080 and 71468190?
270
Calculate the highest common divisor of 178979628 and 24.
12
What is the greatest common factor of 10372340 and 530?
10
Calculate the highest common factor of 28288 and 13756468.
68
Calculate the greatest common factor of 594567 and 36822.
1083
What is the greatest common divisor of 1656 and 1939824?
72
What is the greatest common divisor of 563521 and 176491?
133
What is the greatest common divisor of 334236 and 9169272?
1932
Calculate the highest common factor of 109404025 and 5150.
2575
What is the greatest common factor of 20495788 and 80?
4
Calculate the highest common factor of 196 and 172823.
49
What is the greatest common factor of 159840 and 11470?
370
Calculate the greatest common divisor of 106307037 and 32211.
10737
Calculate the highest common divisor of 160218 and 2806.
46
What is the highest common factor of 13767 and 175227?
39
What is the highest common factor of 346062 and 110970?
822
What is the greatest common factor of 668050 and 22850?
50
Calculate the highest common factor of 6904776 and 99648.
4152
What is the highest common divisor of 4200 and 11636184?
168
Calculate the highest common factor of 84 and 1987728.
12
Calculate the highest common divisor of 12116835 and 183328.
5729
Calculate the highest common divisor of 106 and 405727.
1
What is the greatest common factor of 3006 and 115926?
6
What is the greatest common divisor of 80 and 396290120?
40
What is the greatest common divisor of 9 and 399534192?
9
Calculate the greatest common factor of 784179 and 6675.
267
What is the greatest common divisor of 27 and 600255?
9
Calculate the greatest common factor of 36 and 798824916.
36
What is the greatest common divisor of 18 and 979210?
2
What is the highest common factor of 38440 and 24304?
248
Calculate the highest common divisor of 10573184 and 49708.
2924
What is the greatest common divisor of 17 and 55907?
1
Calculate the highest common divisor of 3980740 and 2580.
20
Calculate the greatest common factor of 1526464 and 11968.
1088
Calculate the greatest common factor of 6585 and 1451775.
15
Calculate the highest common factor of 31941 and 1036854.
2457
Calculate the highest common divisor of 758475888 and 2034.
678
Calculate the highest common divisor of 2968425 and 272210.
835
What is the greatest common divisor of 888 and 81732?
12
Calculate the highest common factor of 4920 and 6227080.
1640
Calculate the greatest common factor of 5007120 and 9422.
1346
What is the greatest common factor of 703 and 2486898353?
703
What is the greatest common factor of 1019006 and 105901?
137
Calculate the greatest common factor of 18961898 and 214.
214
Calculate the greatest common divisor of 65471 and 1121365.
1393
What is the highest common factor of 20100947 and 1968?
41
What is the greatest common factor of 162176 and 10168942?
2534
Calculate the highest common divisor of 7648 and 4885160.
1912
Calculate the greatest common divisor of 187899668 and 11.
11
What is the highest common divisor of 124857 and 9?
9
Calculate the greatest common divisor of 2352700 and 2800.
700
Calculate the greatest common factor of 371906 and 7448.
38
Calculate the greatest common factor of 7040 and 1082048.
704
What is the greatest common factor of 17584 and 208810?
2198
Calculate the greatest common factor of 1760 and 36064440.
40
Calculate the highest common divisor of 19931 and 141911.
19
What is the highest common factor of 177880 and 760?
40
Calculate the highest common divisor of 643823 and 60514.
383
Calculate the highest common factor of 9244691 and 103459.
307
What is the highest common factor of 1376 and 7811896?
344
Calculate the greatest common factor of 672 and 41846448.
336
Calculate the highest common factor of 3127 and 126493404.
3127
What is the highest common factor of 950257 and 1780548?
3157
Calculate the greatest common divisor of 1281 and 79843083.
183
What is the highest common divisor of 445412 and 73988?
212
What is the greatest common divisor of 440 and 26745664?
88
What is the greatest common divisor of 20 and 23976665?
5
What is the greatest common divisor of 8254516 and 376?
188
What is the highest common divisor of 12530918 and 19?
19
What is the greatest common factor of 4492430 and 810?
10
What is the highest common factor of 13226378 and 14036?
638
What is the greatest common divisor of 11532 and 67524?
12
What is the highest common divisor of 2304225 and 2709?
63
What is the greatest common divisor of 2108526 and 16926?
42
Calculate the highest common factor of 47751063 and 2037.
291
What is the greatest common factor of 6 and 373813872?
6
What is the greatest common factor of 56849816 and 24?
8
Calculate the greatest common divisor of 530721 and 237402.
981
What is the greatest common factor of 59028 and 7235849?
4919
What